late the highest common divisor of k and p.
4
Suppose -2*t + p = 0, -2*t + 3*p = -3*t + 14. Let v(c) = 4*c**2 + 1 - c + 0*c**2 + 0*c**2. Let k be v(t). Calculate the greatest common factor of k and 15.
15
Let g = -98 + 138. Suppose 0 = 5*y - 2*y + 21. Let z = -2 - y. What is the greatest common divisor of z and g?
5
Let n be (-140)/(-18) - (-12)/54. Suppose -3*v + 32 = 5*f, n = v + f - 0. What is the highest common divisor of 8 and v?
4
Let j = 75 + -7. Suppose 0 = -3*k + j + 34. What is the greatest common factor of 102 and k?
34
Suppose 4*y - 400 = -y. Calculate the highest common divisor of 16 and y.
16
Let g = -21 + 30. Let r(x) = 5*x**2 + x + 1. Let b be r(-1). Let i(u) = u**3 - 2*u**2 - 2*u + 7. Let n be i(b). What is the highest common divisor of g and n?
9
Let u be 2/3*(-6)/(-4). Let z(n) = 4*n**3 + 2*n**3 - n**2 - 3*n**3. Let t be z(u). Calculate the highest common divisor of t and 1.
1
Let p(a) = a**2 + 6*a + 2. Let o be p(-5). Let x be (10/4)/(o/(-6)). Let i be 20/(-12)*(-42)/2. Calculate the greatest common factor of x and i.
5
Let z(i) = i**2 - 3*i - 8. Let d be z(6). What is the greatest common factor of 90 and d?
10
Let g be -10*(4/(-40))/((-3)/(-84)). What is the highest common divisor of g and 4?
4
Let z be -5*72/(-20) + -2. What is the highest common factor of z and 176?
16
Let f(x) = 4*x**2 - 5*x - 2. Let v be f(6). Suppose -2*t + 80 = 3*t. What is the greatest common divisor of v and t?
16
Suppose 2*b + 0*b = -2. Let p = b + 2. Let h be (-10)/15 + (-140)/(-12). What is the highest common factor of p and h?
1
Suppose -t - 77 = -2*m, 3*m = 8*m + 2*t - 170. Suppose 0 = 3*z + 97 - 133. Calculate the greatest common factor of z and m.
12
Suppose -2*v + 179 = -3*n, -4*n = -2*n + 2. What is the greatest common factor of v and 8?
8
Suppose -3*k - 2*t + 50 = 0, -5*k + 106 = t + 18. Calculate the highest common factor of 9 and k.
9
Let m(z) = -7*z**2 + 3*z**3 - 2 - 2*z**3 - 7*z - 3*z**3 + z**3. Let j be m(-6). Suppose -j*q + q = -54. Calculate the highest common factor of 180 and q.
18
Let r = 81 - 45. Let p(c) = -2*c**3 + 2*c**2 - c + 24. Let y be p(0). What is the greatest common factor of r and y?
12
Let r(d) be the second derivative of 5/2*d**2 + 0 + d**3 + 4*d + 1/6*d**4. Let z be r(-5). Calculate the highest common factor of 25 and z.
25
Let m(v) = -3*v**3 - 4*v**2 - 5*v. Let f be m(-2). What is the greatest common factor of 90 and f?
18
Let t be 0*(-2)/4 + (-240)/(-20). What is the greatest common divisor of 9 and t?
3
Suppose 3*o + o - 40 = -4*n, -4*n + 3*o = -75. Let g(d) = -d + 5. Let w be g(-5). Calculate the greatest common factor of n and w.
5
Suppose 0 = 2*l + 8, -2*a - 4*l + 40 = -7*l. What is the highest common divisor of a and 35?
7
Suppose 4*f - 2*o = -4*o + 106, -2*o - 94 = -4*f. What is the greatest common factor of f and 50?
25
Suppose 2*i - 3*i + 2*g + 16 = 0, -2*g = 3*i - 56. Calculate the greatest common divisor of i and 30.
6
Suppose 23 = t - 61. Calculate the highest common divisor of 12 and t.
12
Suppose -3*w - r + 5 = -10, 3*w + 2*r = 15. Let b be (27/15)/(1/w). Calculate the greatest common factor of 63 and b.
9
Let w = -3 + 8. Suppose 0 = -4*m - 3*x + 73 + 76, -125 = -4*m + w*x. Let d = 3 + 2. Calculate the greatest common factor of m and d.
5
Let n be 10/15*714/4. Calculate the highest common divisor of n and 17.
17
Let t be 2/(1/2 - 15/36). Calculate the greatest common divisor of 48 and t.
24
Let t(w) = 14*w - 8 - 3 - 4*w + 2*w**2. Let z be t(-9). Suppose -3*x + 10 = y, 4*x - z = -5*y - 0*x. Calculate the highest common divisor of 91 and y.
13
Suppose 6*y = 12*y - 6. Calculate the highest common divisor of y and 1.
1
Let j = 32 - 18. What is the greatest common factor of 56 and j?
14
Let z(s) = 3*s + 7. Let g be z(7). Suppose j = -5*p + 90, 0*j + p = -4*j + 284. What is the highest common factor of j and g?
14
Suppose 3*t = 3*p + 5 + 7, -p - 12 = -3*t. Calculate the greatest common factor of 10 and t.
2
Let y = 17 + -9. Let d = y + 9. What is the greatest common divisor of 85 and d?
17
Suppose 0*s - s = 15. Let d be (3 - s/(-6))*-8. Let t be (d/2 - -3) + 24. What is the highest common divisor of 5 and t?
5
Suppose -3*v + 5*b + 59 = 0, v + 2*v - 2*b - 47 = 0. Calculate the highest common factor of v and 52.
13
Suppose 5*m - 50 - 130 = 0. What is the greatest common factor of m and 12?
12
Suppose -7*o + 12*o = 2*x + 22, 8 = 2*o - x. What is the highest common factor of o and 9?
3
Suppose -3*d = -5*i + 7 - 30, 0 = 4*d + i - 69. What is the greatest common divisor of d and 24?
8
Let z = 70 + -111. Let u = 85 + z. Let s be 43/4 - (-4)/16. What is the highest common factor of u and s?
11
Suppose 10*p = 9*p + 4. Suppose n + 3 = p. Suppose -3*q - s - 5 + 40 = 0, -3*q + s + 31 = 0. Calculate the greatest common factor of n and q.
1
Suppose 3*w + 5*s = 24, s - 3*s - 6 = -4*w. Let f = 2 + -2. Suppose -p + 0 + 12 = f. Calculate the greatest common factor of w and p.
3
Let y be ((-7)/(-1))/((-2)/(-2)). What is the highest common factor of 77 and y?
7
Suppose w + f - 18 = 0, -2*w + 5*f + 30 = w. Suppose -25 = -n + w. What is the greatest common divisor of 10 and n?
10
Let o = 81 + -18. What is the highest common divisor of o and 21?
21
Let g(f) = -f. Let j be g(2). Let i(x) = -x**3 - 3*x**2 - 4*x - 2. Let w be i(j). Calculate the highest common factor of 2 and w.
2
Let h = 2 + -2. Suppose 2*w + h*d = 2*d + 22, -2*w = -5*d - 25. Let a be (-8)/(((-6)/(-20))/(-3)). Calculate the highest common divisor of a and w.
10
Suppose 0 = q - 3*q + 328. Let i(d) = d**3 - 3*d**2 - 3*d - 1. Let b be i(3). Let j be (-6)/15 - q/b. What is the greatest common factor of 80 and j?
16
Suppose 0 = 2*o + 6 - 0. Let q = o + 6. Suppose -4*z = -101 - 31. What is the highest common divisor of q and z?
3
Let f = -2 + 8. Let p(g) = -5*g. Let o be p(-6). Calculate the highest common divisor of f and o.
6
Suppose 0 = -15*b + 18*b - 66. What is the highest common factor of b and 88?
22
Suppose 160 = 5*k - 225. Calculate the highest common divisor of 11 and k.
11
Let g be 0/1 + 0 + 168. Suppose g + 216 = 4*c. Suppose 3*b = -0*b + 36. What is the highest common divisor of c and b?
12
Let k = 106 - 28. Suppose 0 = y - 0*y - 1, -2*l + 8 = 2*y. Suppose 10 = h - l. Calculate the greatest common divisor of k and h.
13
Let j be -9*(-22)/6 - -3. Let r = 14 + -5. What is the greatest common factor of j and r?
9
Suppose -2*a = 2, -j - a = 2*a - 3. What is the greatest common factor of j and 54?
6
Let b = -23 - -32. Let x be (3/(-2))/((-3)/6). Suppose 0 = 2*w + w + 2*p - 27, -x*p = 0. What is the highest common factor of w and b?
9
Suppose 0 = 4*q - 3*g - 22, 4*q + g - 2 = 12. Suppose -4*n = -2*n - 32. What is the greatest common divisor of n and q?
4
Let l = 110 + -54. Calculate the greatest common factor of l and 8.
8
Let w(j) = j**2 - 3*j + 8. Let d be w(-5). What is the highest common factor of d and 6?
6
Let i(y) = y**2 - 16*y + 35. Let k be i(16). Calculate the greatest common factor of 21 and k.
7
Let j = -6 + 21. What is the highest common divisor of j and 10?
5
Suppose 0*w - w + 24 = -4*d, 5*w = 2*d + 48. Let n = -21 - -3. Let s be n/4*w/(-3). Calculate the greatest common divisor of s and 3.
3
Let n(d) = -5*d**3 + 4*d**2 - 3*d - 4. Let c be n(3). Let f be (-1 - -2)/((-8)/c). Calculate the highest common factor of 98 and f.
14
Let i(b) = -11*b + 12. Let w be i(-3). Calculate the greatest common factor of w and 18.
9
Let o(p) = 11 - 7 - 6 - 14*p. Suppose 5*z - 5 = -25. Let j be o(z). What is the greatest common factor of j and 6?
6
Suppose 158 = 5*j + 4*d, -3*j + 5*d = -100 - 17. Let z = 4 + 13. Calculate the highest common factor of j and z.
17
Let y be (-18)/(-8) - 2 - 35/(-20). What is the highest common factor of 2 and y?
2
Let x = -5 + 10. Suppose 0 = 3*s - 15. What is the greatest common divisor of s and x?
5
Let u = 36 - 20. Calculate the greatest common divisor of u and 112.
16
Let y be (6 + -12)/(-6) + 1*3. Let u(z) = -z**3 + 5*z**2 + 2. Let f be u(5). Let x = f + 2. What is the highest common factor of x and y?
4
Let l(u) = 2*u**2 - 2. Let b = 5 - 7. Let r be l(b). Let d be (28/r)/(4/6). Calculate the highest common factor of 7 and d.
7
Let g be 48/(-28)*(-77)/2. Calculate the greatest common divisor of g and 165.
33
Let c = 53 - 43. Wh